{"id":1155,"date":"2022-09-01T16:50:37","date_gmt":"2022-09-01T14:50:37","guid":{"rendered":"https:\/\/www.medim.si\/?page_id=1155"},"modified":"2026-02-21T17:47:42","modified_gmt":"2026-02-21T16:47:42","slug":"delovni-cas-9-2022","status":"publish","type":"page","link":"https:\/\/www.medim.si\/?page_id=1155","title":{"rendered":"Delovni \u010das"},"content":{"rendered":"\n<div class=\"wptb-table-container wptb-table-2188\" data-wptb-horizontal-scroll-status=\"true\"><div class=\"wptb-table-container-matrix\" id=\"wptb-table-id-2188\" data-wptb-version=\"1.4.4\" data-wptb-pro-status=\"false\"><table class=\"wptb-preview-table wptb-element-main-table_setting-1961\" style=\"border: 1px solid rgb(209, 209, 209); float: left;\" data-reconstraction=\"1\" data-wptb-table-tds-sum-max-width=\"257\" data-wptb-horizontal-scroll-status=\"true\" data-wptb-extra-styles=\"LyogRW50ZXIgeW91ciBjdXN0b20gQ1NTIHJ1bGVzIGhlcmUgKi8=\" role=\"table\" data-table-columns=\"2\" data-wptb-td-width-auto=\"10\" data-wptb-table-alignment=\"left\" data-wptb-header-background-color=\"#F8E71CFF\"><tbody><tr class=\"wptb-row\" style=\"background-color: rgb(248, 231, 28);\"><td class=\"wptb-cell\" data-y-index=\"0\" data-x-index=\"0\" style=\"border: 1px solid rgb(209, 209, 209); padding: 5px; width: 83px;\"><div class=\"wptb-text-container wptb-ph-element wptb-element-text-162\" style=\"color: rgb(74, 85, 104); font-size: 15px;\"><div class=\"\" style=\"position: relative;\"><p><strong>Ambulanta<\/strong><\/p><p><\/p><\/div><\/div><\/td><td class=\"wptb-cell\" data-y-index=\"0\" data-x-index=\"1\" style=\"border: 1px solid rgb(209, 209, 209); padding: 5px; width: 151px;\"><div class=\"wptb-text-container wptb-ph-element wptb-element-text-163\" style=\"color: rgb(74, 85, 104); font-size: 15px;\"><div class=\"\" style=\"position: relative;\"><p style=\"text-align: center;\"><strong>Mojca Spori&scaron; Novak, <br>dr. med.<br><\/strong><\/p><\/div><\/div><\/td><\/tr><tr class=\"wptb-row\"><td class=\"wptb-cell\" style=\"border: 1px solid rgb(209, 209, 209); padding: 5px; width: 83px;\" data-x-index=\"0\" data-y-index=\"1\"><div class=\"wptb-text-container wptb-ph-element wptb-element-text-242\" style=\"color: rgb(74, 85, 104); font-size: 15px;\"><div class=\"\" style=\"position: relative;\"><p>ponedeljek<\/p><\/div><\/div><\/td><td class=\"wptb-cell\" style=\"border: 1px solid rgb(209, 209, 209); padding: 5px; width: 151px;\" data-x-index=\"1\" data-y-index=\"1\"><div class=\"wptb-text-container wptb-ph-element wptb-element-text-243\" style=\"color: rgb(74, 85, 104); font-size: 15px;\"><div class=\"\" style=\"position: relative;\"><p style=\"text-align: right;\">popoldan&nbsp; &nbsp; &nbsp;&nbsp;<\/p><\/div><\/div><\/td><\/tr><tr class=\"wptb-row\"><td class=\"wptb-cell\" style=\"border: 1px solid rgb(209, 209, 209); padding: 5px; width: 83px;\" data-x-index=\"0\" data-y-index=\"2\"><div class=\"wptb-text-container wptb-ph-element wptb-element-text-247\" style=\"color: rgb(74, 85, 104); font-size: 15px;\"><div class=\"\" style=\"position: relative;\"><p>torek<\/p><\/div><\/div><\/td><td class=\"wptb-cell\" style=\"border: 1px solid rgb(209, 209, 209); padding: 5px; width: 151px;\" data-x-index=\"1\" data-y-index=\"2\"><div class=\"wptb-text-container wptb-ph-element wptb-element-text-248\" style=\"color: rgb(74, 85, 104); font-size: 15px;\"><div class=\"\" style=\"position: relative;\"><p style=\"text-align: left;\">dopoldan<\/p><\/div><\/div><\/td><\/tr><tr class=\"wptb-row\"><td class=\"wptb-cell\" style=\"border: 1px solid rgb(209, 209, 209); padding: 5px; width: 83px;\" data-x-index=\"0\" data-y-index=\"3\"><div class=\"wptb-text-container wptb-ph-element wptb-element-text-252\" style=\"color: rgb(74, 85, 104); font-size: 15px;\"><div class=\"\" style=\"position: relative;\"><p>sreda<\/p><\/div><\/div><\/td><td class=\"wptb-cell\" style=\"border: 1px solid rgb(209, 209, 209); padding: 5px; width: 151px;\" data-x-index=\"1\" data-y-index=\"3\"><div class=\"wptb-text-container wptb-ph-element wptb-element-text-253 edit-active\" style=\"color: rgb(74, 85, 104); font-size: 15px;\"><div class=\"\" style=\"position: relative;\"><p style=\"text-align: left;\">dopoldan<\/p><\/div><\/div><\/td><\/tr><tr class=\"wptb-row\"><td class=\"wptb-cell\" style=\"border: 1px solid rgb(209, 209, 209); padding: 5px; width: 83px;\" data-x-index=\"0\" data-y-index=\"4\"><div class=\"wptb-text-container wptb-ph-element wptb-element-text-257\" style=\"color: rgb(74, 85, 104); font-size: 15px;\"><div class=\"\" style=\"position: relative;\"><p>&#269;etrtek<\/p><\/div><\/div><\/td><td class=\"wptb-cell\" style=\"border: 1px solid rgb(209, 209, 209); padding: 5px; width: 151px;\" data-x-index=\"1\" data-y-index=\"4\"><div class=\"wptb-text-container wptb-ph-element wptb-element-text-258\" style=\"color: rgb(74, 85, 104); font-size: 15px;\"><div class=\"\" style=\"position: relative;\"><p style=\"text-align: left;\">dopoldan<\/p><\/div><\/div><\/td><\/tr><tr class=\"wptb-row\"><td class=\"wptb-cell\" style=\"border: 1px solid rgb(209, 209, 209); padding: 5px; width: 83px;\" data-x-index=\"0\" data-y-index=\"5\"><div class=\"wptb-text-container wptb-ph-element wptb-element-text-262\" style=\"color: rgb(74, 85, 104); font-size: 15px;\"><div class=\"\" style=\"position: relative;\"><p>petek<\/p><\/div><\/div><\/td><td class=\"wptb-cell\" style=\"border: 1px solid rgb(209, 209, 209); padding: 5px; width: 151px;\" data-x-index=\"1\" data-y-index=\"5\"><div class=\"wptb-text-container wptb-ph-element wptb-element-text-263\" style=\"color: rgb(74, 85, 104); font-size: 15px;\"><div class=\"\" style=\"position: relative;\"><p style=\"text-align: left;\">dopoldan<\/p><\/div><\/div><\/td><\/tr><\/tbody><\/table><\/div><\/div>\n\n\n\n\n<p><div class=\"wptb-table-container wptb-table-2189\" data-wptb-horizontal-scroll-status=\"true\"><div class=\"wptb-table-container-matrix\" id=\"wptb-table-id-2189\" data-wptb-version=\"1.4.4\" data-wptb-pro-status=\"false\"><table class=\"wptb-preview-table wptb-element-main-table_setting-1961\" style=\"border: 1px solid rgb(209, 209, 209); float: left;\" data-reconstraction=\"1\" data-wptb-table-tds-sum-max-width=\"255\" data-wptb-horizontal-scroll-status=\"true\" data-wptb-extra-styles=\"LyogRW50ZXIgeW91ciBjdXN0b20gQ1NTIHJ1bGVzIGhlcmUgKi8=\" role=\"table\" data-table-columns=\"2\" data-wptb-td-width-auto=\"10\" data-wptb-table-alignment=\"left\" data-wptb-header-background-color=\"#F8E71CFF\"><tbody><tr class=\"wptb-row\" style=\"background-color: rgb(248, 231, 28);\"><td class=\"wptb-cell\" style=\"border: 1px solid rgb(209, 209, 209); padding: 5px; width: 81px;\" data-x-index=\"0\" data-y-index=\"0\"><div class=\"wptb-text-container wptb-ph-element wptb-element-text-269\" style=\"color: rgb(74, 85, 104); font-size: 15px;\"><div class=\"\" style=\"position: relative;\"><p><strong>Ambulanta<\/strong><\/p><\/div><\/div><\/td><td class=\"wptb-cell\" style=\"border: 1px solid rgb(209, 209, 209); padding: 5px; width: 151px;\" data-x-index=\"1\" data-y-index=\"0\"><div class=\"wptb-text-container wptb-ph-element wptb-element-text-270\" style=\"color: rgb(74, 85, 104); font-size: 15px;\"><div class=\"\" style=\"position: relative;\"><p style=\"text-align: center;\"><strong>Mihaela Justin, <\/strong><br><strong>dr. med.<\/strong><\/p><\/div><\/div><\/td><\/tr><tr class=\"wptb-row\"><td class=\"wptb-cell\" style=\"border: 1px solid rgb(209, 209, 209); padding: 5px; width: 81px;\" data-x-index=\"0\" data-y-index=\"1\"><div class=\"wptb-text-container wptb-ph-element wptb-element-text-272\" style=\"color: rgb(74, 85, 104); font-size: 15px;\"><div class=\"\" style=\"position: relative;\"><p>ponedeljek<\/p><\/div><\/div><\/td><td class=\"wptb-cell\" style=\"border: 1px solid rgb(209, 209, 209); padding: 5px; width: 151px;\" data-x-index=\"1\" data-y-index=\"1\"><div class=\"wptb-text-container wptb-ph-element wptb-element-text-273\" style=\"color: rgb(74, 85, 104); font-size: 15px;\"><div class=\"\" style=\"position: relative;\"><p>dopoldan<\/p><\/div><\/div><\/td><\/tr><tr class=\"wptb-row\"><td class=\"wptb-cell\" style=\"border: 1px solid rgb(209, 209, 209); padding: 5px; width: 81px;\" data-x-index=\"0\" data-y-index=\"2\"><div class=\"wptb-text-container wptb-ph-element wptb-element-text-275\" style=\"color: rgb(74, 85, 104); font-size: 15px;\"><div class=\"\" style=\"position: relative;\"><p>torek<\/p><\/div><\/div><\/td><td class=\"wptb-cell\" style=\"border: 1px solid rgb(209, 209, 209); padding: 5px; width: 151px;\" data-x-index=\"1\" data-y-index=\"2\"><div class=\"wptb-text-container wptb-ph-element wptb-element-text-276 edit-active\" style=\"color: rgb(74, 85, 104); font-size: 15px;\"><div class=\"\" style=\"position: relative;\"><p style=\"text-align: left;\">dopoldan<\/p><\/div><\/div><\/td><\/tr><tr class=\"wptb-row\"><td class=\"wptb-cell\" style=\"border: 1px solid rgb(209, 209, 209); padding: 5px; width: 81px;\" data-x-index=\"0\" data-y-index=\"3\"><div class=\"wptb-text-container wptb-ph-element wptb-element-text-278\" style=\"color: rgb(74, 85, 104); font-size: 15px;\"><div class=\"\" style=\"position: relative;\"><p>sreda<\/p><\/div><\/div><\/td><td class=\"wptb-cell\" style=\"border: 1px solid rgb(209, 209, 209); padding: 5px; width: 151px;\" data-x-index=\"1\" data-y-index=\"3\"><div class=\"wptb-text-container wptb-ph-element wptb-element-text-279\" style=\"color: rgb(74, 85, 104); font-size: 15px;\"><div class=\"\" style=\"position: relative;\"><p>dopoldan<\/p><\/div><\/div><\/td><\/tr><tr class=\"wptb-row\"><td class=\"wptb-cell\" style=\"border: 1px solid rgb(209, 209, 209); padding: 5px; width: 81px;\" data-x-index=\"0\" data-y-index=\"4\"><div class=\"wptb-text-container wptb-ph-element wptb-element-text-281\" style=\"color: rgb(74, 85, 104); font-size: 15px;\"><div class=\"\" style=\"position: relative;\"><p>&#269;etrtek<\/p><\/div><\/div><\/td><td class=\"wptb-cell\" style=\"border: 1px solid rgb(209, 209, 209); padding: 5px; width: 151px;\" data-x-index=\"1\" data-y-index=\"4\"><div class=\"wptb-text-container wptb-ph-element wptb-element-text-282\" style=\"color: rgb(74, 85, 104); font-size: 15px;\"><div class=\"\" style=\"position: relative;\"><p style=\"text-align: right;\">popoldan&nbsp; &nbsp; &nbsp;&nbsp;<\/p><\/div><\/div><\/td><\/tr><tr class=\"wptb-row\"><td class=\"wptb-cell\" style=\"border: 1px solid rgb(209, 209, 209); padding: 5px; width: 81px;\" data-x-index=\"0\" data-y-index=\"5\"><div class=\"wptb-text-container wptb-ph-element wptb-element-text-284\" style=\"color: rgb(74, 85, 104); font-size: 15px;\"><div class=\"\" style=\"position: relative;\"><p>petek<\/p><\/div><\/div><\/td><td class=\"wptb-cell\" style=\"border: 1px solid rgb(209, 209, 209); padding: 5px; width: 151px;\" data-x-index=\"1\" data-y-index=\"5\"><div class=\"wptb-text-container wptb-ph-element wptb-element-text-285\" style=\"color: rgb(74, 85, 104); font-size: 15px;\"><div class=\"\" style=\"position: relative;\"><p>dopoldan<\/p><\/div><\/div><\/td><\/tr><\/tbody><\/table><\/div><\/div>\n<br><sup>dopoldan: 6:30 &#8211; 13:30; odmor 10:00 &#8211; 10:30<br>popoldan: 12:30 &#8211; 19:30; odmor 15:45 &#8211; 16:15<\/sup><\/p>\n\n\n\n<p>Za pregled se naro\u010dite<mark style=\"background-color:rgba(0, 0, 0, 0)\" class=\"has-inline-color has-vivid-cyan-blue-color\"><\/mark>:<br> &#8211; preko <a href=\"https:\/\/www.medim.si\/?page_id=338\">Gospodarja zdravja <\/a> ali<br> &#8211; ob zadnjem obisku ali<br> &#8211; po telefonu v delovnem \u010dasu <mark style=\"background-color:rgba(0, 0, 0, 0)\" class=\"has-inline-color has-vivid-cyan-blue-color\"><a href=\"https:\/\/www.medim.si\/?page_id=1155\">svoje ambulante<\/a><\/mark> (\u010de nimate dostopa do interneta) ali<br> &#8211; po navadni po\u0161ti ali po e-po\u0161ti ali<br> &#8211; osebno pri sestri v ambulanti<\/p>\n\n\n\n<div class=\"wp-block-group\"><div class=\"wp-block-group__inner-container is-layout-flow wp-block-group-is-layout-flow\">\n<p><strong>V primeru nujne medicinske pomo\u010di ali \u017eivljenjske ogro\u017eenosti kli\u010dite izklju\u010dno <mark style=\"background-color:rgba(0, 0, 0, 0)\" class=\"has-inline-color has-vivid-red-color\">112<\/mark>!<\/strong><br>V primeru nenujnega zdravstvenega stanja izven rednega delovnega \u010dasa pokli\u010dite de\u017eurno ambulanto <a href=\"https:\/\/zd-loka.si\/\" target=\"_blank\" rel=\"noreferrer noopener\">ZD \u0160kofja Loka<\/a> \u2013 <mark style=\"background-color:rgba(0, 0, 0, 0)\" class=\"has-inline-color has-vivid-red-color\"><strong>04 \/ 502 0070<\/strong><\/mark>. <\/p>\n<\/div><\/div>\n\n\n\n<p><\/p>\n","protected":false},"excerpt":{"rendered":"<p>dopoldan: 6:30 &#8211; 13:30; odmor 10:00 &#8211; 10:30popoldan: 12:30 &#8211; 19:30; odmor 15:45 &#8211; 16:15 Za pregled se naro\u010dite: &#8211; preko Gospodarja zdravja ali &#8211; ob zadnjem obisku ali &#8211; po telefonu v delovnem \u010dasu svoje ambulante (\u010de nimate dostopa do interneta) ali &#8211; po navadni po\u0161ti ali po e-po\u0161ti ali &#8211; osebno pri sestri [&hellip;]<\/p>\n","protected":false},"author":2,"featured_media":0,"parent":0,"menu_order":20,"comment_status":"closed","ping_status":"closed","template":"wide_page.php.php","meta":{"footnotes":""},"class_list":["post-1155","page","type-page","status-publish","hentry"],"_links":{"self":[{"href":"https:\/\/www.medim.si\/index.php?rest_route=\/wp\/v2\/pages\/1155","targetHints":{"allow":["GET"]}}],"collection":[{"href":"https:\/\/www.medim.si\/index.php?rest_route=\/wp\/v2\/pages"}],"about":[{"href":"https:\/\/www.medim.si\/index.php?rest_route=\/wp\/v2\/types\/page"}],"author":[{"embeddable":true,"href":"https:\/\/www.medim.si\/index.php?rest_route=\/wp\/v2\/users\/2"}],"replies":[{"embeddable":true,"href":"https:\/\/www.medim.si\/index.php?rest_route=%2Fwp%2Fv2%2Fcomments&post=1155"}],"version-history":[{"count":241,"href":"https:\/\/www.medim.si\/index.php?rest_route=\/wp\/v2\/pages\/1155\/revisions"}],"predecessor-version":[{"id":2303,"href":"https:\/\/www.medim.si\/index.php?rest_route=\/wp\/v2\/pages\/1155\/revisions\/2303"}],"wp:attachment":[{"href":"https:\/\/www.medim.si\/index.php?rest_route=%2Fwp%2Fv2%2Fmedia&parent=1155"}],"curies":[{"name":"wp","href":"https:\/\/api.w.org\/{rel}","templated":true}]}}